{"id":1315,"date":"2024-09-11T12:04:06","date_gmt":"2024-09-11T10:04:06","guid":{"rendered":"https:\/\/jida-cookies.com\/?post_type=product&#038;p=1315"},"modified":"2026-02-22T05:22:14","modified_gmt":"2026-02-22T04:22:14","slug":"jida-cookies-box-hiver","status":"publish","type":"product","link":"https:\/\/jida-cookies.com\/index.php\/produit\/jida-cookies-box-hiver\/","title":{"rendered":"Big Box de Saison"},"content":{"rendered":"\t\t<div data-elementor-type=\"wp-post\" data-elementor-id=\"1315\" class=\"elementor elementor-1315\">\n\t\t\t\t<div class=\"elementor-element elementor-element-20a6d2f3 e-flex e-con-boxed e-con e-parent\" data-id=\"20a6d2f3\" data-element_type=\"container\">\n\t\t\t\t\t<div class=\"e-con-inner\">\n\t\t\t\t<div class=\"elementor-element elementor-element-5a268715 elementor-widget elementor-widget-text-editor\" data-id=\"5a268715\" data-element_type=\"widget\" data-widget_type=\"text-editor.default\">\n\t\t\t\t<div class=\"elementor-widget-container\">\n\t\t\t\t\t\t\t\t\t<h3><strong>Amandes<\/strong><\/h3><h5>Le parfait \u00e9quilibre entre chocolat noir intense, amandes croquantes et caram\u00e9lis\u00e9es, sublim\u00e9 par une touche de fleur de sel.<\/h5><h3><strong>Coffee<\/strong><\/h3><h5>Un cookie puissant avec une ganache au caf\u00e9 qui r\u00e9veille vos sens.<\/h5><h3><strong>Cr\u00e8me de Marron<\/strong><\/h3><h5>L\u2019harmonie parfaite entre la richesse du chocolat et la douceur de la cr\u00e8me de marron, avec un croquant de noisettes.<\/h5><h3><strong>P\u00e9can<\/strong><\/h3><h5>Un r\u00e9gal r\u00e9confortant avec des noix de p\u00e9can, du caramel au beurre sal\u00e9 et une pointe de cannelle.<\/h5><h3><strong>Ruby<\/strong><\/h3><h5>Une explosion de douceur entre les noix de macadamia croquantes et chocolat Ruby au go\u00fbt fruit\u00e9.<\/h5>\t\t\t\t\t\t\t\t<\/div>\n\t\t\t\t<\/div>\n\t\t\t\t\t<\/div>\n\t\t\t\t<\/div>\n\t\t\t\t<\/div>\n\t\t","protected":false},"excerpt":{"rendered":"<ul>\n<li>100 grammes par cookie<\/li>\n<li>P\u00e2tes \u00e0 cookies all\u00e9g\u00e9es en sucre<\/li>\n<li>Oeufs plein air<\/li>\n<li>Chocolat Barry<\/li>\n<li>100% Artisanal<\/li>\n<\/ul>\n","protected":false},"featured_media":1613,"comment_status":"open","ping_status":"closed","template":"","meta":{"ocean_post_layout":"","ocean_both_sidebars_style":"","ocean_both_sidebars_content_width":0,"ocean_both_sidebars_sidebars_width":0,"ocean_sidebar":"0","ocean_second_sidebar":"0","ocean_disable_margins":"enable","ocean_add_body_class":"","ocean_shortcode_before_top_bar":"","ocean_shortcode_after_top_bar":"","ocean_shortcode_before_header":"","ocean_shortcode_after_header":"","ocean_has_shortcode":"","ocean_shortcode_after_title":"","ocean_shortcode_before_footer_widgets":"","ocean_shortcode_after_footer_widgets":"","ocean_shortcode_before_footer_bottom":"","ocean_shortcode_after_footer_bottom":"","ocean_display_top_bar":"default","ocean_display_header":"default","ocean_header_style":"","ocean_center_header_left_menu":"0","ocean_custom_header_template":"0","ocean_custom_logo":0,"ocean_custom_retina_logo":0,"ocean_custom_logo_max_width":0,"ocean_custom_logo_tablet_max_width":0,"ocean_custom_logo_mobile_max_width":0,"ocean_custom_logo_max_height":0,"ocean_custom_logo_tablet_max_height":0,"ocean_custom_logo_mobile_max_height":0,"ocean_header_custom_menu":"0","ocean_menu_typo_font_family":"0","ocean_menu_typo_font_subset":"","ocean_menu_typo_font_size":0,"ocean_menu_typo_font_size_tablet":0,"ocean_menu_typo_font_size_mobile":0,"ocean_menu_typo_font_size_unit":"px","ocean_menu_typo_font_weight":"","ocean_menu_typo_font_weight_tablet":"","ocean_menu_typo_font_weight_mobile":"","ocean_menu_typo_transform":"","ocean_menu_typo_transform_tablet":"","ocean_menu_typo_transform_mobile":"","ocean_menu_typo_line_height":0,"ocean_menu_typo_line_height_tablet":0,"ocean_menu_typo_line_height_mobile":0,"ocean_menu_typo_line_height_unit":"","ocean_menu_typo_spacing":0,"ocean_menu_typo_spacing_tablet":0,"ocean_menu_typo_spacing_mobile":0,"ocean_menu_typo_spacing_unit":"","ocean_menu_link_color":"","ocean_menu_link_color_hover":"","ocean_menu_link_color_active":"","ocean_menu_link_background":"","ocean_menu_link_hover_background":"","ocean_menu_link_active_background":"","ocean_menu_social_links_bg":"","ocean_menu_social_hover_links_bg":"","ocean_menu_social_links_color":"","ocean_menu_social_hover_links_color":"","ocean_disable_title":"default","ocean_disable_heading":"default","ocean_post_title":"","ocean_post_subheading":"","ocean_post_title_style":"","ocean_post_title_background_color":"","ocean_post_title_background":0,"ocean_post_title_bg_image_position":"","ocean_post_title_bg_image_attachment":"","ocean_post_title_bg_image_repeat":"","ocean_post_title_bg_image_size":"","ocean_post_title_height":0,"ocean_post_title_bg_overlay":0.5,"ocean_post_title_bg_overlay_color":"","ocean_disable_breadcrumbs":"default","ocean_breadcrumbs_color":"","ocean_breadcrumbs_separator_color":"","ocean_breadcrumbs_links_color":"","ocean_breadcrumbs_links_hover_color":"","ocean_display_footer_widgets":"default","ocean_display_footer_bottom":"default","ocean_custom_footer_template":"0"},"product_brand":[],"product_cat":[18,21],"product_tag":[],"class_list":{"0":"post-1315","1":"product","2":"type-product","3":"status-publish","4":"has-post-thumbnail","6":"product_cat-non-classe","7":"product_cat-box-de-new-york-cookie","9":"entry","10":"has-media","12":"first","13":"outofstock","14":"shipping-taxable","15":"purchasable","16":"product-type-simple","17":"has-rating","18":"has-product-nav","19":"col","20":"span_1_of_4","21":"owp-content-center","22":"owp-thumbs-layout-horizontal","23":"owp-btn-big","24":"owp-tabs-layout-horizontal"},"yoast_head":"<!-- This site is optimized with the Yoast SEO plugin v26.5 - https:\/\/yoast.com\/wordpress\/plugins\/seo\/ -->\n<title>JIDA | Cookies - Box hiver<\/title>\n<meta name=\"description\" content=\"D\u00e9couvrez notre cookies box de saison \u2013 Livraison \u00e0 Brest, fait maison et disponible pour une dur\u00e9e limit\u00e9e. Profitez en.\" \/>\n<meta name=\"robots\" content=\"index, follow, max-snippet:-1, max-image-preview:large, max-video-preview:-1\" \/>\n<link rel=\"canonical\" href=\"https:\/\/jida-cookies.com\/index.php\/produit\/jida-cookies-box-hiver\/\" \/>\n<meta property=\"og:locale\" content=\"en_US\" \/>\n<meta property=\"og:type\" content=\"article\" \/>\n<meta property=\"og:title\" content=\"JIDA | Cookies - Box hiver\" \/>\n<meta property=\"og:description\" content=\"D\u00e9couvrez notre cookies box de saison \u2013 Livraison \u00e0 Brest, fait maison et disponible pour une dur\u00e9e limit\u00e9e. Profitez en.\" \/>\n<meta property=\"og:url\" content=\"https:\/\/jida-cookies.com\/index.php\/produit\/jida-cookies-box-hiver\/\" \/>\n<meta property=\"og:site_name\" content=\"JIDA\" \/>\n<meta property=\"article:publisher\" content=\"https:\/\/www.facebook.com\/people\/Jida\/61562004391673\/\" \/>\n<meta property=\"article:modified_time\" content=\"2026-02-22T04:22:14+00:00\" \/>\n<meta property=\"og:image\" content=\"http:\/\/jida-cookies.com\/wp-content\/uploads\/2024\/09\/Box-dHiver-JIDA-cookies-2-scaled.jpg\" \/>\n\t<meta property=\"og:image:width\" content=\"1920\" \/>\n\t<meta property=\"og:image:height\" content=\"2560\" \/>\n\t<meta property=\"og:image:type\" content=\"image\/jpeg\" \/>\n<meta name=\"twitter:card\" content=\"summary_large_image\" \/>\n<meta name=\"twitter:label1\" content=\"Est. reading time\" \/>\n\t<meta name=\"twitter:data1\" content=\"1 minute\" \/>\n<script type=\"application\/ld+json\" class=\"yoast-schema-graph\">{\"@context\":\"https:\/\/schema.org\",\"@graph\":[{\"@type\":\"WebPage\",\"@id\":\"https:\/\/jida-cookies.com\/index.php\/produit\/jida-cookies-box-hiver\/\",\"url\":\"https:\/\/jida-cookies.com\/index.php\/produit\/jida-cookies-box-hiver\/\",\"name\":\"JIDA | Cookies - Box hiver\",\"isPartOf\":{\"@id\":\"https:\/\/jida-cookies.com\/#website\"},\"primaryImageOfPage\":{\"@id\":\"https:\/\/jida-cookies.com\/index.php\/produit\/jida-cookies-box-hiver\/#primaryimage\"},\"image\":{\"@id\":\"https:\/\/jida-cookies.com\/index.php\/produit\/jida-cookies-box-hiver\/#primaryimage\"},\"thumbnailUrl\":\"https:\/\/i0.wp.com\/jida-cookies.com\/wp-content\/uploads\/2024\/09\/Box-dHiver-JIDA-cookies-2-scaled.jpg?fit=1920%2C2560&ssl=1\",\"datePublished\":\"2024-09-11T10:04:06+00:00\",\"dateModified\":\"2026-02-22T04:22:14+00:00\",\"description\":\"D\u00e9couvrez notre cookies box de saison \u2013 Livraison \u00e0 Brest, fait maison et disponible pour une dur\u00e9e limit\u00e9e. Profitez en.\",\"breadcrumb\":{\"@id\":\"https:\/\/jida-cookies.com\/index.php\/produit\/jida-cookies-box-hiver\/#breadcrumb\"},\"inLanguage\":\"en-US\",\"potentialAction\":[{\"@type\":\"ReadAction\",\"target\":[\"https:\/\/jida-cookies.com\/index.php\/produit\/jida-cookies-box-hiver\/\"]}]},{\"@type\":\"ImageObject\",\"inLanguage\":\"en-US\",\"@id\":\"https:\/\/jida-cookies.com\/index.php\/produit\/jida-cookies-box-hiver\/#primaryimage\",\"url\":\"https:\/\/i0.wp.com\/jida-cookies.com\/wp-content\/uploads\/2024\/09\/Box-dHiver-JIDA-cookies-2-scaled.jpg?fit=1920%2C2560&ssl=1\",\"contentUrl\":\"https:\/\/i0.wp.com\/jida-cookies.com\/wp-content\/uploads\/2024\/09\/Box-dHiver-JIDA-cookies-2-scaled.jpg?fit=1920%2C2560&ssl=1\",\"width\":1920,\"height\":2560,\"caption\":\"JIDA Cookies - Box hiver\"},{\"@type\":\"BreadcrumbList\",\"@id\":\"https:\/\/jida-cookies.com\/index.php\/produit\/jida-cookies-box-hiver\/#breadcrumb\",\"itemListElement\":[{\"@type\":\"ListItem\",\"position\":1,\"name\":\"Accueil\",\"item\":\"https:\/\/jida-cookies.com\/\"},{\"@type\":\"ListItem\",\"position\":2,\"name\":\"Boutique\",\"item\":\"https:\/\/jida-cookies.com\/index.php\/acheter-new-york-cookies-en-ligne-cookies-brest\/\"},{\"@type\":\"ListItem\",\"position\":3,\"name\":\"Big Box de Saison\"}]},{\"@type\":\"WebSite\",\"@id\":\"https:\/\/jida-cookies.com\/#website\",\"url\":\"https:\/\/jida-cookies.com\/\",\"name\":\"JIDA\",\"description\":\"\",\"publisher\":{\"@id\":\"https:\/\/jida-cookies.com\/#organization\"},\"potentialAction\":[{\"@type\":\"SearchAction\",\"target\":{\"@type\":\"EntryPoint\",\"urlTemplate\":\"https:\/\/jida-cookies.com\/?s={search_term_string}\"},\"query-input\":{\"@type\":\"PropertyValueSpecification\",\"valueRequired\":true,\"valueName\":\"search_term_string\"}}],\"inLanguage\":\"en-US\"},{\"@type\":\"Organization\",\"@id\":\"https:\/\/jida-cookies.com\/#organization\",\"name\":\"JIDA\",\"url\":\"https:\/\/jida-cookies.com\/\",\"logo\":{\"@type\":\"ImageObject\",\"inLanguage\":\"en-US\",\"@id\":\"https:\/\/jida-cookies.com\/#\/schema\/logo\/image\/\",\"url\":\"https:\/\/i0.wp.com\/jida-cookies.com\/wp-content\/uploads\/2024\/07\/cropped-Jida_principal-fond-fonce-111-png-248.png?fit=166%2C219&ssl=1\",\"contentUrl\":\"https:\/\/i0.wp.com\/jida-cookies.com\/wp-content\/uploads\/2024\/07\/cropped-Jida_principal-fond-fonce-111-png-248.png?fit=166%2C219&ssl=1\",\"width\":166,\"height\":219,\"caption\":\"JIDA\"},\"image\":{\"@id\":\"https:\/\/jida-cookies.com\/#\/schema\/logo\/image\/\"},\"sameAs\":[\"https:\/\/www.facebook.com\/people\/Jida\/61562004391673\/\",\"https:\/\/www.instagram.com\/jida_cookies_brest?igsh=cjB1eGFkM3hxZTR0\"]}]}<\/script>\n<!-- \/ Yoast SEO plugin. -->","yoast_head_json":{"title":"JIDA | Cookies - Box hiver","description":"D\u00e9couvrez notre cookies box de saison \u2013 Livraison \u00e0 Brest, fait maison et disponible pour une dur\u00e9e limit\u00e9e. Profitez en.","robots":{"index":"index","follow":"follow","max-snippet":"max-snippet:-1","max-image-preview":"max-image-preview:large","max-video-preview":"max-video-preview:-1"},"canonical":"https:\/\/jida-cookies.com\/index.php\/produit\/jida-cookies-box-hiver\/","og_locale":"en_US","og_type":"article","og_title":"JIDA | Cookies - Box hiver","og_description":"D\u00e9couvrez notre cookies box de saison \u2013 Livraison \u00e0 Brest, fait maison et disponible pour une dur\u00e9e limit\u00e9e. Profitez en.","og_url":"https:\/\/jida-cookies.com\/index.php\/produit\/jida-cookies-box-hiver\/","og_site_name":"JIDA","article_publisher":"https:\/\/www.facebook.com\/people\/Jida\/61562004391673\/","article_modified_time":"2026-02-22T04:22:14+00:00","og_image":[{"width":1920,"height":2560,"url":"http:\/\/jida-cookies.com\/wp-content\/uploads\/2024\/09\/Box-dHiver-JIDA-cookies-2-scaled.jpg","type":"image\/jpeg"}],"twitter_card":"summary_large_image","twitter_misc":{"Est. reading time":"1 minute"},"schema":{"@context":"https:\/\/schema.org","@graph":[{"@type":"WebPage","@id":"https:\/\/jida-cookies.com\/index.php\/produit\/jida-cookies-box-hiver\/","url":"https:\/\/jida-cookies.com\/index.php\/produit\/jida-cookies-box-hiver\/","name":"JIDA | Cookies - Box hiver","isPartOf":{"@id":"https:\/\/jida-cookies.com\/#website"},"primaryImageOfPage":{"@id":"https:\/\/jida-cookies.com\/index.php\/produit\/jida-cookies-box-hiver\/#primaryimage"},"image":{"@id":"https:\/\/jida-cookies.com\/index.php\/produit\/jida-cookies-box-hiver\/#primaryimage"},"thumbnailUrl":"https:\/\/i0.wp.com\/jida-cookies.com\/wp-content\/uploads\/2024\/09\/Box-dHiver-JIDA-cookies-2-scaled.jpg?fit=1920%2C2560&ssl=1","datePublished":"2024-09-11T10:04:06+00:00","dateModified":"2026-02-22T04:22:14+00:00","description":"D\u00e9couvrez notre cookies box de saison \u2013 Livraison \u00e0 Brest, fait maison et disponible pour une dur\u00e9e limit\u00e9e. Profitez en.","breadcrumb":{"@id":"https:\/\/jida-cookies.com\/index.php\/produit\/jida-cookies-box-hiver\/#breadcrumb"},"inLanguage":"en-US","potentialAction":[{"@type":"ReadAction","target":["https:\/\/jida-cookies.com\/index.php\/produit\/jida-cookies-box-hiver\/"]}]},{"@type":"ImageObject","inLanguage":"en-US","@id":"https:\/\/jida-cookies.com\/index.php\/produit\/jida-cookies-box-hiver\/#primaryimage","url":"https:\/\/i0.wp.com\/jida-cookies.com\/wp-content\/uploads\/2024\/09\/Box-dHiver-JIDA-cookies-2-scaled.jpg?fit=1920%2C2560&ssl=1","contentUrl":"https:\/\/i0.wp.com\/jida-cookies.com\/wp-content\/uploads\/2024\/09\/Box-dHiver-JIDA-cookies-2-scaled.jpg?fit=1920%2C2560&ssl=1","width":1920,"height":2560,"caption":"JIDA Cookies - Box hiver"},{"@type":"BreadcrumbList","@id":"https:\/\/jida-cookies.com\/index.php\/produit\/jida-cookies-box-hiver\/#breadcrumb","itemListElement":[{"@type":"ListItem","position":1,"name":"Accueil","item":"https:\/\/jida-cookies.com\/"},{"@type":"ListItem","position":2,"name":"Boutique","item":"https:\/\/jida-cookies.com\/index.php\/acheter-new-york-cookies-en-ligne-cookies-brest\/"},{"@type":"ListItem","position":3,"name":"Big Box de Saison"}]},{"@type":"WebSite","@id":"https:\/\/jida-cookies.com\/#website","url":"https:\/\/jida-cookies.com\/","name":"JIDA","description":"","publisher":{"@id":"https:\/\/jida-cookies.com\/#organization"},"potentialAction":[{"@type":"SearchAction","target":{"@type":"EntryPoint","urlTemplate":"https:\/\/jida-cookies.com\/?s={search_term_string}"},"query-input":{"@type":"PropertyValueSpecification","valueRequired":true,"valueName":"search_term_string"}}],"inLanguage":"en-US"},{"@type":"Organization","@id":"https:\/\/jida-cookies.com\/#organization","name":"JIDA","url":"https:\/\/jida-cookies.com\/","logo":{"@type":"ImageObject","inLanguage":"en-US","@id":"https:\/\/jida-cookies.com\/#\/schema\/logo\/image\/","url":"https:\/\/i0.wp.com\/jida-cookies.com\/wp-content\/uploads\/2024\/07\/cropped-Jida_principal-fond-fonce-111-png-248.png?fit=166%2C219&ssl=1","contentUrl":"https:\/\/i0.wp.com\/jida-cookies.com\/wp-content\/uploads\/2024\/07\/cropped-Jida_principal-fond-fonce-111-png-248.png?fit=166%2C219&ssl=1","width":166,"height":219,"caption":"JIDA"},"image":{"@id":"https:\/\/jida-cookies.com\/#\/schema\/logo\/image\/"},"sameAs":["https:\/\/www.facebook.com\/people\/Jida\/61562004391673\/","https:\/\/www.instagram.com\/jida_cookies_brest?igsh=cjB1eGFkM3hxZTR0"]}]}},"jetpack_sharing_enabled":true,"_links":{"self":[{"href":"https:\/\/jida-cookies.com\/index.php\/wp-json\/wp\/v2\/product\/1315","targetHints":{"allow":["GET"]}}],"collection":[{"href":"https:\/\/jida-cookies.com\/index.php\/wp-json\/wp\/v2\/product"}],"about":[{"href":"https:\/\/jida-cookies.com\/index.php\/wp-json\/wp\/v2\/types\/product"}],"replies":[{"embeddable":true,"href":"https:\/\/jida-cookies.com\/index.php\/wp-json\/wp\/v2\/comments?post=1315"}],"version-history":[{"count":12,"href":"https:\/\/jida-cookies.com\/index.php\/wp-json\/wp\/v2\/product\/1315\/revisions"}],"predecessor-version":[{"id":1772,"href":"https:\/\/jida-cookies.com\/index.php\/wp-json\/wp\/v2\/product\/1315\/revisions\/1772"}],"wp:featuredmedia":[{"embeddable":true,"href":"https:\/\/jida-cookies.com\/index.php\/wp-json\/wp\/v2\/media\/1613"}],"wp:attachment":[{"href":"https:\/\/jida-cookies.com\/index.php\/wp-json\/wp\/v2\/media?parent=1315"}],"wp:term":[{"taxonomy":"product_brand","embeddable":true,"href":"https:\/\/jida-cookies.com\/index.php\/wp-json\/wp\/v2\/product_brand?post=1315"},{"taxonomy":"product_cat","embeddable":true,"href":"https:\/\/jida-cookies.com\/index.php\/wp-json\/wp\/v2\/product_cat?post=1315"},{"taxonomy":"product_tag","embeddable":true,"href":"https:\/\/jida-cookies.com\/index.php\/wp-json\/wp\/v2\/product_tag?post=1315"}],"curies":[{"name":"wp","href":"https:\/\/api.w.org\/{rel}","templated":true}]}}