{"id":99,"date":"2024-06-21T13:56:15","date_gmt":"2024-06-21T11:56:15","guid":{"rendered":"https:\/\/jida-cookies.com\/?page_id=99"},"modified":"2024-12-23T13:16:37","modified_gmt":"2024-12-23T12:16:37","slug":"politique-en-matiere-de-remboursements-et-de-retours","status":"publish","type":"page","link":"https:\/\/jida-cookies.com\/index.php\/politique-en-matiere-de-remboursements-et-de-retours\/","title":{"rendered":"Politique en mati\u00e8re de remboursements et de retours"},"content":{"rendered":"\t\t<div data-elementor-type=\"wp-page\" data-elementor-id=\"99\" class=\"elementor elementor-99\">\n\t\t\t\t<div class=\"elementor-element elementor-element-5fbf5442 e-flex e-con-boxed e-con e-parent\" data-id=\"5fbf5442\" data-element_type=\"container\">\n\t\t\t\t\t<div class=\"e-con-inner\">\n\t\t\t\t<div class=\"elementor-element elementor-element-6dae8604 elementor-widget elementor-widget-text-editor\" data-id=\"6dae8604\" data-element_type=\"widget\" data-widget_type=\"text-editor.default\">\n\t\t\t\t<div class=\"elementor-widget-container\">\n\t\t\t\t\t\t\t\t\t<h1><strong>Politique de remboursement et de retour <\/strong><\/h1><p>Chez Jida, nous nous effor\u00e7ons de vous offrir des produits de la plus haute qualit\u00e9. \u00c9tant donn\u00e9 que nos cookies sont des produits alimentaires p\u00e9rissables, nous avons mis en place une Politique de Remboursement et de Retours adapt\u00e9e \u00e0 la nature de nos produits. Veuillez lire attentivement cette politique pour comprendre nos conditions et proc\u00e9dures en mati\u00e8re de retours et de remboursements.<\/p><h3>1. Conditions de Retour<\/h3><p>En raison de la nature p\u00e9rissable et hygi\u00e9nique de nos cookies, nous n&#8217;acceptons pas les retours.<\/p><h3>2. Contact<\/h3><p>Pour toute question concernant notre Politique de Remboursement et de Retours ou pour initier un retour, veuillez nous contacter :<\/p><ul><li><strong>Adresse e-mail<\/strong> : Jida-cookies@outlook.com<\/li><li><strong>Num\u00e9ro de t\u00e9l\u00e9phone<\/strong> : 06.08.09.86.95<\/li><\/ul>\t\t\t\t\t\t\t\t<\/div>\n\t\t\t\t<\/div>\n\t\t\t\t\t<\/div>\n\t\t\t\t<\/div>\n\t\t\t\t<\/div>\n\t\t","protected":false},"excerpt":{"rendered":"<p>Politique de remboursement et de retour Chez Jida, nous nous effor\u00e7ons de vous offrir des produits de la plus haute qualit\u00e9. \u00c9tant donn\u00e9 que nos cookies sont des produits alimentaires p\u00e9rissables, nous avons mis en place une Politique de Remboursement et de Retours adapt\u00e9e \u00e0 la nature de nos produits. Veuillez lire attentivement cette politique [&hellip;]<\/p>\n","protected":false},"author":1,"featured_media":0,"parent":0,"menu_order":0,"comment_status":"closed","ping_status":"closed","template":"","meta":{"ocean_post_layout":"","ocean_both_sidebars_style":"","ocean_both_sidebars_content_width":0,"ocean_both_sidebars_sidebars_width":0,"ocean_sidebar":"","ocean_second_sidebar":"","ocean_disable_margins":"enable","ocean_add_body_class":"","ocean_shortcode_before_top_bar":"","ocean_shortcode_after_top_bar":"","ocean_shortcode_before_header":"","ocean_shortcode_after_header":"","ocean_has_shortcode":"","ocean_shortcode_after_title":"","ocean_shortcode_before_footer_widgets":"","ocean_shortcode_after_footer_widgets":"","ocean_shortcode_before_footer_bottom":"","ocean_shortcode_after_footer_bottom":"","ocean_display_top_bar":"default","ocean_display_header":"default","ocean_header_style":"","ocean_center_header_left_menu":"","ocean_custom_header_template":"","ocean_custom_logo":0,"ocean_custom_retina_logo":0,"ocean_custom_logo_max_width":0,"ocean_custom_logo_tablet_max_width":0,"ocean_custom_logo_mobile_max_width":0,"ocean_custom_logo_max_height":0,"ocean_custom_logo_tablet_max_height":0,"ocean_custom_logo_mobile_max_height":0,"ocean_header_custom_menu":"","ocean_menu_typo_font_family":"","ocean_menu_typo_font_subset":"","ocean_menu_typo_font_size":0,"ocean_menu_typo_font_size_tablet":0,"ocean_menu_typo_font_size_mobile":0,"ocean_menu_typo_font_size_unit":"px","ocean_menu_typo_font_weight":"","ocean_menu_typo_font_weight_tablet":"","ocean_menu_typo_font_weight_mobile":"","ocean_menu_typo_transform":"","ocean_menu_typo_transform_tablet":"","ocean_menu_typo_transform_mobile":"","ocean_menu_typo_line_height":0,"ocean_menu_typo_line_height_tablet":0,"ocean_menu_typo_line_height_mobile":0,"ocean_menu_typo_line_height_unit":"","ocean_menu_typo_spacing":0,"ocean_menu_typo_spacing_tablet":0,"ocean_menu_typo_spacing_mobile":0,"ocean_menu_typo_spacing_unit":"","ocean_menu_link_color":"","ocean_menu_link_color_hover":"","ocean_menu_link_color_active":"","ocean_menu_link_background":"","ocean_menu_link_hover_background":"","ocean_menu_link_active_background":"","ocean_menu_social_links_bg":"","ocean_menu_social_hover_links_bg":"","ocean_menu_social_links_color":"","ocean_menu_social_hover_links_color":"","ocean_disable_title":"default","ocean_disable_heading":"default","ocean_post_title":"","ocean_post_subheading":"","ocean_post_title_style":"","ocean_post_title_background_color":"","ocean_post_title_background":0,"ocean_post_title_bg_image_position":"","ocean_post_title_bg_image_attachment":"","ocean_post_title_bg_image_repeat":"","ocean_post_title_bg_image_size":"","ocean_post_title_height":0,"ocean_post_title_bg_overlay":0.5,"ocean_post_title_bg_overlay_color":"","ocean_disable_breadcrumbs":"default","ocean_breadcrumbs_color":"","ocean_breadcrumbs_separator_color":"","ocean_breadcrumbs_links_color":"","ocean_breadcrumbs_links_hover_color":"","ocean_display_footer_widgets":"default","ocean_display_footer_bottom":"default","ocean_custom_footer_template":"","footnotes":""},"class_list":["post-99","page","type-page","status-publish","hentry","entry","owp-thumbs-layout-horizontal","owp-btn-big","owp-tabs-layout-horizontal","has-no-thumbnails","has-product-nav"],"yoast_head":"<!-- This site is optimized with the Yoast SEO plugin v26.5 - https:\/\/yoast.com\/wordpress\/plugins\/seo\/ -->\n<title>&quot;Politique de Remboursement et de Retours - Jida Cookies&quot;<\/title>\n<meta name=\"description\" content=\"&quot;Consultez la Politique de Remboursement et de Retours de Jida Cookies. D\u00e9couvrez les conditions de retour pour nos produits p\u00e9rissables.\" \/>\n<meta name=\"robots\" content=\"index, follow, max-snippet:-1, max-image-preview:large, max-video-preview:-1\" \/>\n<link rel=\"canonical\" href=\"https:\/\/jida-cookies.com\/index.php\/politique-en-matiere-de-remboursements-et-de-retours\/\" \/>\n<meta property=\"og:locale\" content=\"en_US\" \/>\n<meta property=\"og:type\" content=\"article\" \/>\n<meta property=\"og:title\" content=\"&quot;Politique de Remboursement et de Retours - Jida Cookies&quot;\" \/>\n<meta property=\"og:description\" content=\"&quot;Consultez la Politique de Remboursement et de Retours de Jida Cookies. D\u00e9couvrez les conditions de retour pour nos produits p\u00e9rissables.\" \/>\n<meta property=\"og:url\" content=\"https:\/\/jida-cookies.com\/index.php\/politique-en-matiere-de-remboursements-et-de-retours\/\" \/>\n<meta property=\"og:site_name\" content=\"JIDA\" \/>\n<meta property=\"article:publisher\" content=\"https:\/\/www.facebook.com\/people\/Jida\/61562004391673\/\" \/>\n<meta property=\"article:modified_time\" content=\"2024-12-23T12:16:37+00:00\" \/>\n<meta name=\"twitter:card\" content=\"summary_large_image\" \/>\n<meta name=\"twitter:label1\" content=\"Est. reading time\" \/>\n\t<meta name=\"twitter:data1\" content=\"1 minute\" \/>\n<script type=\"application\/ld+json\" class=\"yoast-schema-graph\">{\"@context\":\"https:\/\/schema.org\",\"@graph\":[{\"@type\":\"WebPage\",\"@id\":\"https:\/\/jida-cookies.com\/index.php\/politique-en-matiere-de-remboursements-et-de-retours\/\",\"url\":\"https:\/\/jida-cookies.com\/index.php\/politique-en-matiere-de-remboursements-et-de-retours\/\",\"name\":\"\\\"Politique de Remboursement et de Retours - Jida Cookies\\\"\",\"isPartOf\":{\"@id\":\"https:\/\/jida-cookies.com\/#website\"},\"datePublished\":\"2024-06-21T11:56:15+00:00\",\"dateModified\":\"2024-12-23T12:16:37+00:00\",\"description\":\"\\\"Consultez la Politique de Remboursement et de Retours de Jida Cookies. D\u00e9couvrez les conditions de retour pour nos produits p\u00e9rissables.\",\"breadcrumb\":{\"@id\":\"https:\/\/jida-cookies.com\/index.php\/politique-en-matiere-de-remboursements-et-de-retours\/#breadcrumb\"},\"inLanguage\":\"en-US\",\"potentialAction\":[{\"@type\":\"ReadAction\",\"target\":[\"https:\/\/jida-cookies.com\/index.php\/politique-en-matiere-de-remboursements-et-de-retours\/\"]}]},{\"@type\":\"BreadcrumbList\",\"@id\":\"https:\/\/jida-cookies.com\/index.php\/politique-en-matiere-de-remboursements-et-de-retours\/#breadcrumb\",\"itemListElement\":[{\"@type\":\"ListItem\",\"position\":1,\"name\":\"Accueil\",\"item\":\"https:\/\/jida-cookies.com\/\"},{\"@type\":\"ListItem\",\"position\":2,\"name\":\"Politique en mati\u00e8re de remboursements et de retours\"}]},{\"@type\":\"WebSite\",\"@id\":\"https:\/\/jida-cookies.com\/#website\",\"url\":\"https:\/\/jida-cookies.com\/\",\"name\":\"JIDA\",\"description\":\"\",\"publisher\":{\"@id\":\"https:\/\/jida-cookies.com\/#organization\"},\"potentialAction\":[{\"@type\":\"SearchAction\",\"target\":{\"@type\":\"EntryPoint\",\"urlTemplate\":\"https:\/\/jida-cookies.com\/?s={search_term_string}\"},\"query-input\":{\"@type\":\"PropertyValueSpecification\",\"valueRequired\":true,\"valueName\":\"search_term_string\"}}],\"inLanguage\":\"en-US\"},{\"@type\":\"Organization\",\"@id\":\"https:\/\/jida-cookies.com\/#organization\",\"name\":\"JIDA\",\"url\":\"https:\/\/jida-cookies.com\/\",\"logo\":{\"@type\":\"ImageObject\",\"inLanguage\":\"en-US\",\"@id\":\"https:\/\/jida-cookies.com\/#\/schema\/logo\/image\/\",\"url\":\"https:\/\/i0.wp.com\/jida-cookies.com\/wp-content\/uploads\/2024\/07\/cropped-Jida_principal-fond-fonce-111-png-248.png?fit=166%2C219&ssl=1\",\"contentUrl\":\"https:\/\/i0.wp.com\/jida-cookies.com\/wp-content\/uploads\/2024\/07\/cropped-Jida_principal-fond-fonce-111-png-248.png?fit=166%2C219&ssl=1\",\"width\":166,\"height\":219,\"caption\":\"JIDA\"},\"image\":{\"@id\":\"https:\/\/jida-cookies.com\/#\/schema\/logo\/image\/\"},\"sameAs\":[\"https:\/\/www.facebook.com\/people\/Jida\/61562004391673\/\",\"https:\/\/www.instagram.com\/jida_cookies_brest?igsh=cjB1eGFkM3hxZTR0\"]}]}<\/script>\n<!-- \/ Yoast SEO plugin. -->","yoast_head_json":{"title":"\"Politique de Remboursement et de Retours - Jida Cookies\"","description":"\"Consultez la Politique de Remboursement et de Retours de Jida Cookies. D\u00e9couvrez les conditions de retour pour nos produits p\u00e9rissables.","robots":{"index":"index","follow":"follow","max-snippet":"max-snippet:-1","max-image-preview":"max-image-preview:large","max-video-preview":"max-video-preview:-1"},"canonical":"https:\/\/jida-cookies.com\/index.php\/politique-en-matiere-de-remboursements-et-de-retours\/","og_locale":"en_US","og_type":"article","og_title":"\"Politique de Remboursement et de Retours - Jida Cookies\"","og_description":"\"Consultez la Politique de Remboursement et de Retours de Jida Cookies. D\u00e9couvrez les conditions de retour pour nos produits p\u00e9rissables.","og_url":"https:\/\/jida-cookies.com\/index.php\/politique-en-matiere-de-remboursements-et-de-retours\/","og_site_name":"JIDA","article_publisher":"https:\/\/www.facebook.com\/people\/Jida\/61562004391673\/","article_modified_time":"2024-12-23T12:16:37+00:00","twitter_card":"summary_large_image","twitter_misc":{"Est. reading time":"1 minute"},"schema":{"@context":"https:\/\/schema.org","@graph":[{"@type":"WebPage","@id":"https:\/\/jida-cookies.com\/index.php\/politique-en-matiere-de-remboursements-et-de-retours\/","url":"https:\/\/jida-cookies.com\/index.php\/politique-en-matiere-de-remboursements-et-de-retours\/","name":"\"Politique de Remboursement et de Retours - Jida Cookies\"","isPartOf":{"@id":"https:\/\/jida-cookies.com\/#website"},"datePublished":"2024-06-21T11:56:15+00:00","dateModified":"2024-12-23T12:16:37+00:00","description":"\"Consultez la Politique de Remboursement et de Retours de Jida Cookies. D\u00e9couvrez les conditions de retour pour nos produits p\u00e9rissables.","breadcrumb":{"@id":"https:\/\/jida-cookies.com\/index.php\/politique-en-matiere-de-remboursements-et-de-retours\/#breadcrumb"},"inLanguage":"en-US","potentialAction":[{"@type":"ReadAction","target":["https:\/\/jida-cookies.com\/index.php\/politique-en-matiere-de-remboursements-et-de-retours\/"]}]},{"@type":"BreadcrumbList","@id":"https:\/\/jida-cookies.com\/index.php\/politique-en-matiere-de-remboursements-et-de-retours\/#breadcrumb","itemListElement":[{"@type":"ListItem","position":1,"name":"Accueil","item":"https:\/\/jida-cookies.com\/"},{"@type":"ListItem","position":2,"name":"Politique en mati\u00e8re de remboursements et de retours"}]},{"@type":"WebSite","@id":"https:\/\/jida-cookies.com\/#website","url":"https:\/\/jida-cookies.com\/","name":"JIDA","description":"","publisher":{"@id":"https:\/\/jida-cookies.com\/#organization"},"potentialAction":[{"@type":"SearchAction","target":{"@type":"EntryPoint","urlTemplate":"https:\/\/jida-cookies.com\/?s={search_term_string}"},"query-input":{"@type":"PropertyValueSpecification","valueRequired":true,"valueName":"search_term_string"}}],"inLanguage":"en-US"},{"@type":"Organization","@id":"https:\/\/jida-cookies.com\/#organization","name":"JIDA","url":"https:\/\/jida-cookies.com\/","logo":{"@type":"ImageObject","inLanguage":"en-US","@id":"https:\/\/jida-cookies.com\/#\/schema\/logo\/image\/","url":"https:\/\/i0.wp.com\/jida-cookies.com\/wp-content\/uploads\/2024\/07\/cropped-Jida_principal-fond-fonce-111-png-248.png?fit=166%2C219&ssl=1","contentUrl":"https:\/\/i0.wp.com\/jida-cookies.com\/wp-content\/uploads\/2024\/07\/cropped-Jida_principal-fond-fonce-111-png-248.png?fit=166%2C219&ssl=1","width":166,"height":219,"caption":"JIDA"},"image":{"@id":"https:\/\/jida-cookies.com\/#\/schema\/logo\/image\/"},"sameAs":["https:\/\/www.facebook.com\/people\/Jida\/61562004391673\/","https:\/\/www.instagram.com\/jida_cookies_brest?igsh=cjB1eGFkM3hxZTR0"]}]}},"jetpack_sharing_enabled":true,"_links":{"self":[{"href":"https:\/\/jida-cookies.com\/index.php\/wp-json\/wp\/v2\/pages\/99","targetHints":{"allow":["GET"]}}],"collection":[{"href":"https:\/\/jida-cookies.com\/index.php\/wp-json\/wp\/v2\/pages"}],"about":[{"href":"https:\/\/jida-cookies.com\/index.php\/wp-json\/wp\/v2\/types\/page"}],"author":[{"embeddable":true,"href":"https:\/\/jida-cookies.com\/index.php\/wp-json\/wp\/v2\/users\/1"}],"replies":[{"embeddable":true,"href":"https:\/\/jida-cookies.com\/index.php\/wp-json\/wp\/v2\/comments?post=99"}],"version-history":[{"count":15,"href":"https:\/\/jida-cookies.com\/index.php\/wp-json\/wp\/v2\/pages\/99\/revisions"}],"predecessor-version":[{"id":1681,"href":"https:\/\/jida-cookies.com\/index.php\/wp-json\/wp\/v2\/pages\/99\/revisions\/1681"}],"wp:attachment":[{"href":"https:\/\/jida-cookies.com\/index.php\/wp-json\/wp\/v2\/media?parent=99"}],"curies":[{"name":"wp","href":"https:\/\/api.w.org\/{rel}","templated":true}]}}